
2, 5
Suppose 1632 = -3*v + 30142 + 6392. What are the prime factors of v?
2, 3, 7, 277
Let n = 1566 + -2728. Let s = -718 - n. What are the prime factors of s?
2, 3, 37
Suppose 0 = -4*t + 20, -t + 2 = 2*y - 3*t. Let i be (y/(-5))/((-16)/40). List the prime factors of (290 - 3/(-1)) + i/(-1).
2, 5, 29
List the prime factors of ((-595)/(-25) - -3)*4/(88/35915).
67, 653
Suppose -2*d = -5*v + 19, -5*d - 25 = -2*v - 10*d. Suppose -i + 4673 = 5*b - 1454, v*i = 5*b - 6145. What are the prime factors of b?
2, 613
Suppose 33 = -2*z - 221. Let u = z - -338. List the prime factors of u.
211
Let x(y) = -222*y + 1494. List the prime factors of x(-21).
2, 3, 19
Let a = 99 + -103. Let s be (362/8)/(a/(-16)). Let u = -27 + s. List the prime factors of u.
2, 7, 11
Let m be 10/20 + (0 - (-11)/2). Suppose -2*z - 22 = -4*z - 2*t, 4*z - 32 = -t. List the prime factors of 1*131 + 0*(z - m).
131
Suppose -5*c = 134*l - 140*l + 52203, 0 = 5*l + 3*c - 43481. What are the prime factors of l?
2, 4349
Suppose -2*i - 4*h + 58 = 0, 3*h - 6*h = 3*i - 102. Let t = i + -38. What are the prime factors of (t/((-6)/4))/((-5)/765)?
2, 3, 17
Suppose -30*h + 11*h - 14*h + 10065 = 0. List the prime factors of h.
5, 61
Let s be 712/7 + (-10)/(-35) + -3. Let r = -32 + s. Suppose 3*l - 268 = -5*x, 0 = -5*x - l + r + 209. List the prime factors of x.
2, 7
Suppose -4 = 2*w, -4*j + 2*w + 282 = 5*w. Let m = 6 + j. List the prime factors of m.
2, 3, 13
Let b = -204 - -132. Suppose -5*t = -2*i - i - 13, 0 = 3*t + i - 5. Let f = t - b. List the prime factors of f.
2, 37
Let f(l) = -5688*l - 615. List the prime factors of f(-2).
3, 17, 211
Let l(i) = -i**3 + 2*i**2 + 29*i + 12. Let g be l(-8). Suppose g = -0*o + 2*o - 3*k, 0 = 3*k. What are the prime factors of o?
2, 3, 5, 7
Let l(c) = -c**3 + 16*c**2 - 15*c + 13. Let b = -8 - -23. Let n be l(b). Let f(m) = -m**3 + 14*m**2 - 8*m + 15. List the prime factors of f(n).
2, 5
Suppose i = -5*y + 25, -5*i + 13 = -4*y + y. Suppose -4*v = -i*o + 747, -2*o - 30*v + 282 = -26*v. What are the prime factors of o?
3, 7
Suppose 4*z - 75836 - 153536 = -9*z. List the prime factors of z.
2, 11, 401
Suppose -3*n - 2 = -4*i, -2*i - 12 = -7*i - n. Suppose -f - 89 = -o, -i*f + 118 = 4*o - 220. Let c = o - 37. List the prime factors of c.
7
Let j(t) = 2*t**3 + 5*t**2 - 5*t - 10. Let x be j(-4). Let s = 37 + x. List the prime factors of s/((-1)/1) + 99.
2, 5
Let v(t) = 6*t**2 - 18*t - 258. Suppose -2*i - 11*m = -6*m + 3, -3*i + 5*m = 42. List the prime factors of v(i).
2, 3, 5, 13
Suppose 3*w - 3*b - 400 = w, -958 = -5*w - 3*b. Suppose 3*r - s - w = -5*s, -s - 144 = -2*r. List the prime factors of r.
2, 5, 7
Let g(k) = 11*k + 7. Let n be g(4). Suppose 0 = -2*t - 15 + n. Suppose 2*i = 3*l + 258, 5*l + 2 = -t. What are the prime factors of i?
3, 41
Let y(f) = -22*f**3 + 3*f**2 + 7*f + 2. List the prime factors of y(-7).
2, 3823
Let t(y) be the first derivative of y**4/4 + 5*y**3 - 13*y**2/2 + 30*y - 51. List the prime factors of t(-14).
2, 3, 17
Suppose -48*p + 17*p = -17577. Let h = p - 95. List the prime factors of h.
2, 59
Suppose -1012 = 4*j - 4*t, -3*t + 5*t + 1018 = -4*j. Let y = j + 1148. List the prime factors of y.
2, 3, 149
Let k(s) = -3*s + 19. Let z be k(6). Let h be (3 - 5)*z + 75. Let m = h + -54. List the prime factors of m.
19
Let p = -15897 + 18326. List the prime factors of p.
7, 347
Suppose -3*w + 44877 = 5*q, 66*w - 26899 = -3*q + 71*w. What are the prime factors of q?
3, 997
Suppose 0 = 68570*h - 68560*h - 390590. List the prime factors of h.
139, 281
Let q(h) = -h**2 - 4*h + 5. Let c be q(-4). Suppose -3*k = -s + 244, 0 = -2*s + 2*k - c*k + 533. List the prime factors of s.
7, 37
Let v be (-1)/(-4)*-2*0. Suppose v*d - 32 = -4*d. Let c = 64 - d. List the prime factors of c.
2, 7
Suppose 3*y = -k + 86024, 2*k + 2725 + 111957 = 4*y. List the prime factors of y.
53, 541
Let l = -33 - -39. Let z be -1*2*l/4. What are the prime factors of (4 - (-2 + 20))*z?
2, 3, 7
Suppose -18*t - 30*t + 359535 = -15*t. List the prime factors of t.
5, 2179
Let v(t) = 75*t**3 - 2*t**2 + 45*t - 277. List the prime factors of v(5).
3, 11, 281
What are the prime factors of 4*((-43194)/8)/((93/2)/(-31))?
2, 23, 313
Suppose -370627 = -44*t + 12481. What are the prime factors of t?
8707
Let r(b) = b**2 + 30*b - 131. Let k be r(4). Suppose -4*n - n = -2935. Suppose n - 52 = k*t. What are the prime factors of t?
107
Suppose -12*f - 8 = -14*f. Suppose 2*i = i - f, -4*j + 2*i = 24. List the prime factors of (2*7)/(j/(-132)).
3, 7, 11
Suppose -11*c = -4*c + 35. List the prime factors of c/25*3*(-275)/5.
3, 11
Let h = 7 + -3. Let x(t) be the first derivative of t**4/4 - 6*t - 266. List the prime factors of x(h).
2, 29
Let m(l) = -l**2 - 7*l + 11. Let v(i) = 2*i - 1. Let k(g) = m(g) - 5*v(g). Let f = 8 + -20. List the prime factors of k(f).
2, 19
Let v be (-6)/(3/8*-2). Suppose -v*u = -u. Suppose u = -4*r - 3*r + 469. List the prime factors of r.
67
Suppose -1154*k = -1152*k - 3*x - 24830, 5*x = -40. What are the prime factors of k?
79, 157
Let j = 326 - -17. Suppose n - 4*z - j = 0, 6 = 5*z - 9. List the prime factors of n.
5, 71
Let b be (-11 + 17)*(3 - -162). Suppose 8*w + b = 11*w. List the prime factors of w.
2, 3, 5, 11
Suppose f + 110 = -f. Suppose -3*k + 12 = 0, -2*k + 1128 + 260 = -4*t. Let g = f - t. List the prime factors of g.
2, 5, 29
Suppose 5*g + 2*w - 933 = 0, 43*w - 40*w = 5*g - 913. What are the prime factors of (g/(-111))/((-3)/2547)?
5, 283
Suppose 4*k = -3*k + 1015. Suppose 0 = -3*m - 4*p + k + 52, p = m - 75. List the prime factors of m.
71
Let o(c) = c**3 + 8*c**2 + 17*c + 69. Let j be o(-7). What are the prime factors of 8 - 16 - (-1760 + j)?
1753
What are the prime factors of ((-1282)/32*-12)/((-8 + 2)/(-744))?
3, 31, 641
Suppose -y = 5*x - 100, x + y - 16 = -0*y. Suppose -2 = -x*q + 20*q. Suppose -5*j + 3*h = -252, q = -2*h + 4*h. List the prime factors of j.
3, 17
Suppose d - 3*d - 3*x = -367, d - 173 = 2*x. Let r = d - 11. List the prime factors of r.
2, 3, 7
Let v(f) = -f**3 - 20*f**2 - 15*f + 89. List the prime factors of v(-33).
14741
List the prime factors of 241 + (-846)/216 + 2/(-24).
3, 79
Let q(w) = -w**3 + 19*w**2 + w - 49. Let h be q(12). Suppose 15 = -5*k, 0 = 6*g - 10*g + k + h. List the prime factors of g.
2, 11
Suppose -2*v - 39*f + 9438 = -38*f, f = 5*v - 23602. List the prime factors of v.
2, 5, 59
Let z = 3977 - -37413. List the prime factors of z.
2, 5, 4139
Let n(z) = -z**3 + 26*z**2 + 29*z - 67. Suppose 6 = -2*i, -2*s - s + 81 = -2*i. What are the prime factors of n(s)?
1283
Suppose 38*p - 37*p + 2*y - 30224 = 0, -30224 = -p + 5*y. List the prime factors of p.
2, 1889
Let n = -15310 + 27558. What are the prime factors of n?
2, 1531
Let f(d) = -2*d + 25. Let o be f(13). Let c(b) = -117*b**3 + 3*b**2 + 5*b + 3. Let k be c(o). Suppose k = -26*j + 28*j. List the prime factors of j.
59
Suppose -5*u + 5*v - 15 = 0, -3*u - 6*v = -11*v + 9. Let s be u*(1 - (-12)/(-9)) - -42. Suppose -48*b + 515 = -s*b. What are the prime factors of b?
103
Let m = 194 + 202. Let t = m - -48. List the prime factors of t.
2, 3, 37
Suppose -5*x - 3*d - 15 + 51 = 0, -4*x = -d - 22. Let j be 172 - (-5 - -6)/(2/x). Let g = j - 27. What are the prime factors of g?
2, 71
Let w be (-6)/9 - 85/(-15). Suppose -3*g = w*g - 16. Suppose 0*n = -n - 2*i + 28, -4 = -g*i. List the prime factors of n.
2, 3
Suppose 8*r - 17*r = 0. Suppose r = -i - 3*i + 12. Suppose -i*x = -9, 2*x - 1052 = -5*t - 236. List the prime factors of t.
2, 3
Let l be 8/(-2) + (0 - -10). Suppose 2 - l = -y. Suppose y*n = 3*n + 79. What are the prime factors of n?
79
Let n = -348 + 350. Let m = 278 + -71. Suppose -4*x = j - 0*j - m, -4*x + 202 = n*j. What are the prime factors of x?
53
Let v = -66 - -36. Suppose -10*u + 199 = 899. Let s = v - u. List the prime factors of s.
2, 5
Suppose 55710 = 2*k - 4*m, -k + 31*m + 27852 = 28*m. List the prime factors of k.
3, 37, 251
Let u = 11926 + -7050. What are the prime factors of u?
2, 23, 53
Suppose -2*r = -10, 0*t = -t - 5*r + 26. Let n = t - 49. Let g = 102 + n. List the prime factors of g.
2, 3
Let m be (-60)/(-18)*2/(12/2151). Suppose -4*t = -3*t - m. What are the prime factors of t?
5, 239
Let p = 9026 - 8210. Let g = 1 - -1. Suppose 4*o - 5*d = p, o = -g